MONTHLY CLIMATOLOGICAL SUMMARY for jul 2021 NAME: Koreno nad Horjulom ELEV: 692 m LAT: 46-02.08 S LONG: 14-17.38 V TEMPERATURE (°C), RAIN (mm), WIND SPEED (km/h) HEAT COOL AVG MEAN DEG DEG WIND DOM DAY TEMP HIGH TIME LOW TIME DAYS DAYS RAIN SPEED HIGH TIME DIR --------------------------------------------------------------------------------------- 01 15,6 20,4 12:00 12,3 06:26 1,4 0,0 0,2 2,9 24,1 13:53 69 02 17,1 23,1 13:33 12,2 04:26 0,5 0,0 0,0 2,8 17,7 12:52 94 03 19,5 26,6 16:01 13,6 05:59 0,0 0,9 0,0 5,6 30,6 16:33 211 04 18,8 21,3 12:22 14,9 23:59 0,0 0,4 57,8 3,2 17,7 01:04 164 05 17,7 21,7 18:18 13,9 04:37 0,2 0,0 11,2 3,8 22,5 12:39 96 06 21,5 27,7 16:24 15,9 05:52 0,0 1,9 0,0 4,3 27,4 19:00 198 07 24,6 29,2 14:34 20,2 03:26 0,0 3,7 0,0 6,3 32,2 16:03 227 08 24,9 29,3 16:43 20,7 07:09 0,0 3,8 0,0 3,1 48,3 23:58 123 09 22,2 25,2 18:13 18,9 06:15 0,0 2,3 0,0 7,4 45,1 00:05 208 10 20,4 24,1 16:31 16,8 06:31 0,0 1,3 0,0 6,0 24,1 10:17 66 11 20,9 26,3 14:18 17,7 22:18 0,0 1,6 0,0 2,4 24,1 15:42 74 12 20,7 26,2 16:15 16,3 06:41 0,0 1,5 0,0 4,9 35,4 16:44 231 13 22,4 27,7 13:39 17,7 23:59 0,0 2,5 6,4 6,4 40,2 23:40 212 14 18,2 22,3 14:22 15,3 05:35 0,0 0,1 16,2 7,8 37,0 01:31 208 15 18,4 23,1 16:16 13,9 04:28 0,0 0,2 0,0 4,2 20,9 10:50 215 16 17,2 21,4 13:44 15,0 06:42 0,4 0,0 5,0 1,5 14,5 10:18 62 17 18,0 20,5 17:10 15,5 09:11 0,0 0,0 8,8 1,9 17,7 05:44 264 18 18,1 24,1 11:56 15,9 14:24 0,0 0,1 15,2 3,0 27,4 12:29 61 19 20,9 26,1 15:31 16,2 02:58 0,0 1,6 0,0 3,3 20,9 16:47 68 20 20,3 23,6 13:07 17,4 06:44 0,0 1,3 0,0 4,0 19,3 14:32 116 21 19,3 24,2 16:21 15,2 06:21 0,0 0,7 0,0 4,5 17,7 02:28 52 22 19,8 24,4 15:17 16,1 06:01 0,0 1,0 0,0 3,3 12,9 00:48 39 23 20,4 25,5 15:44 17,1 06:12 0,0 1,3 0,0 2,6 24,1 19:22 69 24 20,9 25,9 15:01 16,2 05:47 0,0 1,6 0,0 5,3 33,8 17:28 212 25 22,7 26,4 13:49 19,6 01:51 0,0 2,6 0,0 7,8 49,9 16:28 186 26 22,5 26,6 16:02 19,5 06:51 0,0 2,5 0,0 7,3 46,7 16:44 200 27 20,9 26,8 15:14 17,8 21:29 0,0 1,6 4,2 4,9 30,6 10:29 208 28 21,7 26,7 15:26 17,1 00:47 0,0 2,1 1,0 6,9 40,2 13:59 218 29 21,8 28,1 16:39 16,3 07:17 0,0 2,1 0,0 2,0 14,5 14:20 98 30 23,2 28,1 13:57 19,6 05:41 0,0 2,9 0,0 5,8 35,4 14:50 215 31 22,1 26,3 15:36 18,3 07:14 0,0 2,3 6,0 3,0 19,3 13:46 102 --------------------------------------------------------------------------------------- 20,4 29,3 08 12,2 02 2,5 44,0 132,0 4,5 49,9 25 185 Tropske noči (Tmin >= 20): 2 Vroči dnevi (Tmax >= 30): 0 Topli dnevi (Tmax >= 25): 18 Hladni dnevi (Tmin < 0): 0 Ledeni dnevi (Tmax < 0): 0